**3 + 5*f**2 + 7*f - 74. Let r(w) = -7*w**3 - 10*w**2 - 13*w + 147. Let b(h) = -5*a(h) - 2*r(h). What are the prime factors of b(-11)?
17, 53
What are the prime factors of 22/143*13*(-36500)/(-8)?
5, 73
Suppose -2*x - 5654 = c, -c - 5668 = -5*x - 0*x. List the prime factors of (-1 + 3)/((-23)/c).
2, 3, 41
Let d(b) = b**2 - b + 1. Let q be d(2). Suppose -3*r + 4677 = q*y, 5*r - 7*y + 2*y - 7795 = 0. List the prime factors of r.
1559
Suppose -7*l = -2*l + 210. Let n = 132 + l. Suppose 14*r = 9*r + n. List the prime factors of r.
2, 3
Let d(j) = 273*j**3 + j**2 + 180*j - 849. List the prime factors of d(5).
23, 1487
Let j be (-52 - (1 - (-2 - -4)))*-1. Let d = 52 - j. List the prime factors of (-42)/(-15) - d/(-5) - -22.
5
Let s(i) = -8*i**3 + i - 3. Let h = -38 - -35. Let w be s(h). Suppose 0 = -13*b + 10*b + w. List the prime factors of b.
2, 5, 7
Let f = -17 + 26. Suppose -f*v = -14*v - 120. What are the prime factors of ((-441)/(-6) + -1)*v/(-30)?
2, 29
Suppose -3*r + 99882 = 2*s, 3*s + 10*r - 149766 = 15*r. List the prime factors of s.
2, 3, 19, 73
Let t = -162 - -145. List the prime factors of t/(36/205 - (-17)/(-85)).
17, 41
Let k(n) = -713*n + 418. List the prime factors of k(-1).
3, 13, 29
Let h(n) = -n**2 + 22*n - 20. Let d be h(14). Let c = d + 3. Let p = -59 + c. What are the prime factors of p?
2, 3
Let a(m) be the first derivative of 13*m**4/24 - 32*m**3/3 - m**2 - m + 48. Let t(k) be the second derivative of a(k). What are the prime factors of t(8)?
2, 5
Let a(w) = -661*w + 11 + 3*w**2 + 5*w**2 + 654*w. Suppose 2*l - 18 = -z - 3*l, l = -5*z + 18. What are the prime factors of a(z)?
2, 31
Let b = -7912 + 18258. List the prime factors of b.
2, 7, 739
Let o = 59268 + -37701. List the prime factors of o.
3, 7, 13, 79
Suppose -4088*f + 4004*f = -2985780. What are the prime factors of f?
5, 7109
Suppose -4*z + 52 = v - 14, -2*v + 36 = 2*z. Suppose -4*l = -2*l + 4*j + 36, j + 5 = 0. Let n = z - l. What are the prime factors of n?
2, 3
Suppose -3*u = 143 - 1202. Suppose -4*w = -3*c - u, -w - 3*c + 45 = -32. Let a = 69 + w. List the prime factors of a.
5, 31
Let q be ((-6)/(-16)*-4)/((-6)/48). What are the prime factors of 11872/7 + (q/3)/4?
1697
Let a be (-56 + -4)*(-4)/8. Suppose -1970 = -10*j - a. List the prime factors of j.
2, 97
Let g = 216 + -211. Suppose -2*c = g*q - 461 - 124, -q + 1474 = 5*c. What are the prime factors of c?
5, 59
Suppose 5*s + 10 = -5*y, -5*s = -4*s + 3*y + 12. Let b(c) = -4*c**2 - 29 + 9*c**3 + 4*c - 18 + 39. What are the prime factors of b(s)?
211
Suppose -16*y + 50*y + 7*y = 451861. What are the prime factors of y?
103, 107
Let j be (-7 - -8)*(2 - 0) - -745. Let m = j + -387. List the prime factors of m.
2, 3, 5
Suppose -2*w = -2*t - 36212, 5*w - t = 2*w + 54332. What are the prime factors of w?
59, 307
Let n = 567 - 318. Let l = 277 - n. What are the prime factors of l?
2, 7
List the prime factors of 2919/112*94 - (0 - 1/8).
2, 5, 7
Let a(v) = -222*v + 6555. What are the prime factors of a(-58)?
3, 17, 127
Let m(a) = -a**2 + 15*a - 39. Let n be m(-14). Let b = -239 - n. List the prime factors of b.
2, 103
Let j(l) = 3*l - 46. Let f be j(17). Suppose 8 = f*s - s. Suppose 2*q - 5*x - 207 = 0, -s = 2*x + 4. What are the prime factors of q?
2, 3
Let o be (-1 + 0)*0/(0 + -8). Suppose 0 = u - 4*l - 0*l - 123, o = -3*u + 2*l + 399. What are the prime factors of u?
3, 5
Suppose -5*b - 2*v + 1350 = 0, -3*v + 564 = 2*b - 7*v. Suppose 4*n + 252 = b. Suppose 7*y + n*w - 160 = 2*y, -3*y + 94 = w. What are the prime factors of y?
31
Suppose 56 = 20*r - 64. Let t(a) = -4*a**2 + 11*a - 18. Let s(j) = -3*j**2 + 10*j - 17. Let k(m) = 5*s(m) - 4*t(m). List the prime factors of k(r).
59
Suppose -5*n + 2*j = -102959, 3*j = n - j - 20617. List the prime factors of n.
3, 6863
Let g(y) = y**2 - 25*y + 45. Let h be g(8). List the prime factors of (-4)/(-26) - 25466/h.
2, 5, 7
Suppose b - 5*b + 1994 = -5*y, -b - 2*y + 492 = 0. Let t = b - 1216. Let n = 1018 + t. What are the prime factors of n?
2, 149
Let c = -3459 + 13287. What are the prime factors of c?
2, 3, 7, 13
Suppose -3*p - 14876 = -b + 806, -78436 = -5*b + 2*p. What are the prime factors of b?
2, 37, 53
Let s be -2 + (-52)/(-12) + 1/(-3). Suppose -4*h - c = -510, 3*c + 154 = s*h - 108. List the prime factors of h.
2
Suppose -21 = -29*n - 282. Let k(d) = -64*d + 53. What are the prime factors of k(n)?
17, 37
Suppose -12540 = -11*b + 76142. Suppose b = 9*w + 2086. What are the prime factors of w?
2, 83
Suppose 5*u - 5795 = 4*o + 4089, 5*u - 5*o = 9880. Suppose -u = 47*f - 67*f. List the prime factors of f.
3, 11
List the prime factors of 127250/24 + 2/(-24).
2, 11, 241
Let x = -684 + 124. What are the prime factors of 2 + -8 - x - 6?
2, 137
Let j(a) = 12*a**3 + 2*a**2 - 5. Let q(f) = f**2 - 5*f + 6. Let g be (-2 - -8*(-3)/(-6)) + 2. Let x be q(g). List the prime factors of j(x).
3, 11
Let d be 2/(-11) + 1817/11. Let s(x) = -2*x**2 + 43*x - 17. Let l be s(21). List the prime factors of d - -9 - 2/l*0.
2, 3, 29
Let t(n) = n**3 + n**2 - n + 26. Let d be t(0). Let r = 75 - d. Suppose -83 = -3*y + r. List the prime factors of y.
2, 11
Suppose -8*p + 6*p + 12 = 0. Suppose -p*u + 12 = -12. Suppose 4*t - 2*v = 300, u*t = -0*v + v + 302. What are the prime factors of t?
2, 19
Let j(h) = 85*h**2 - 35*h + 4. Suppose -21 = 3*s - 3*o, -4*s + o = 4*o. List the prime factors of j(s).
2, 19, 23
Suppose 8*n = 2329 + 2703. Suppose 3*a + 5*s - 4240 = 0, 0 = -5*a + s + n + 6447. List the prime factors of a.
5, 283
Let b = 15055 + -5355. What are the prime factors of b?
2, 5, 97
Let h = -5122 - -8943. Let b = h - 2644. List the prime factors of b.
11, 107
Let o(z) = 64*z**2 + 5*z + 2. Let h be ((-17)/3)/((-6)/(-108)). Let r = h + 100. List the prime factors of o(r).
2, 31
Suppose 4*d + 38068 = h, -37501 = -4*h - 2*d + 114699. List the prime factors of h.
2, 3, 7, 151
Let d be (-160)/25*-2 + 4/(-5). Suppose -2*s + 4*j = -2028, -4*j + 2060 = -10*s + d*s. What are the prime factors of s?
2, 7, 73
Suppose 200*x - 32110 = 187*x. What are the prime factors of x?
2, 5, 13, 19
Suppose -135 = -14*t + 75. Suppose t*d - 5292 = -12*d. List the prime factors of d.
2, 7
Let j be ((-28)/8)/7*-9704. Suppose -3*l = l - j. What are the prime factors of l?
1213
Let w(v) = -v**3 + 22*v**2 + v - 17. Let h be w(22). Suppose -2*l + 17 = -h*b + 5, -3*l + 2*b = -18. List the prime factors of l.
2, 3
Suppose -2*f + 0*f = -12. Let l be -10 + ((-6)/(-4) - 406/(-116)). What are the prime factors of (8/f)/(l/(-390))?
2, 13
Let l(r) = 9 - 8 + r**3 - 4*r**2 + 3*r - 8*r. Let n be l(7). Suppose c + n = 5*t, 0 = 4*t - 3*c + 2*c - 91. What are the prime factors of t?
2, 11
Let m be -16 - -22 - (5 - -2). Suppose 4*c - 5 = 2*i - i, 1 = -i. What are the prime factors of (158/m)/(c + (1 - 3))?
2, 79
Let x be (-76)/(2 + 245/(-120)). Let i = -1214 + x. List the prime factors of i.
2, 5, 61
Let j be 4*5/(-130) + (-804)/(-156). Let h(y) = 27*y**2 - 3*y - 2. Let k be h(3). Suppose -t = -j*t + k. What are the prime factors of t?
2, 29
Let l(b) = 8*b - 30. Let g be l(3). Let q(x) = -4*x**3 + 3*x**2 + 14*x + 5. What are the prime factors of q(g)?
19, 47
Suppose -5*n = 4*r - 104, -5*r - 29 = -6*r - 2*n. List the prime factors of (2682/r)/((-81)/(-756)).
2, 149
Let z(x) = 2*x**3 + 4*x**2 + 3*x - 2. Let m be z(-1). Let p(i) = 125*i**2 + 22*i + 22. List the prime factors of p(m).
23, 47
Let f(b) = -5553*b - 258. List the prime factors of f(-2).
2, 3, 113
Let c = -18949 - -29321. Suppose 16*p = 5020 + c. List the prime factors of p.
2, 13, 37
List the prime factors of 352226/21*(1 - -2) + (-10)/2.
3, 31, 541
Let r = 21 - 29. Let u(h) = 32*h - 11. Let o(q) = -4*q + 2. Let z(s) = -14*o(s) - 2*u(s). List the prime factors of z(r).
2, 29
Let z = 67 + -63. Let b be ((-2)/z)/(8/(-2720)). Suppose 5*l + b - 469 = -2*g, 528 = 4*g - 4*l. What are the prime factors of g?
137
Suppose -2*s - s + 18666 = -3*u, 0 = -2*u - 6. What are the prime factors of s?
3, 691
Let l = 17400 + -6061. List the prime factors of l.
17, 23, 29
Let b = 487 + -485. Suppose b*c = -3*g + 2025, g = -3*c + 2*c + 676. What are the prime factors of g?
673
Let t be (6/(-15))/((4 - 1)/15). List the prime factors of ((-225)/50)/(1/t)*37.
3, 37
Let v(p) = 35*p**2 - 259*p + 6815. List the 